{"id":6,"date":"2018-07-29T12:41:02","date_gmt":"2018-07-29T12:41:02","guid":{"rendered":"http:\/\/gesuma.net\/?page_id=6"},"modified":"2024-04-23T07:48:35","modified_gmt":"2024-04-23T07:48:35","slug":"gesuma-personal-training-gesundheitsmanagement","status":"publish","type":"page","link":"http:\/\/gesuma.net\/","title":{"rendered":"GESUMA"},"content":{"rendered":"<div id=\"pl-6\"  class=\"panel-layout\" ><div id=\"pg-6-0\"  class=\"panel-grid panel-has-style\" ><div class=\"siteorigin-panels-stretch panel-row-style panel-row-style-for-6-0\" data-stretch-type=\"full-width-stretch\" ><div id=\"pgc-6-0-0\"  class=\"panel-grid-cell\" ><div id=\"panel-6-0-0-0\" class=\"so-panel widget widget_sow-headline panel-first-child\" data-index=\"0\" ><div\n\t\t\t\n\t\t\tclass=\"so-widget-sow-headline so-widget-sow-headline-default-1662e6b1b653-6 so-widget-fittext-wrapper\"\n\t\t\t data-fit-text-compressor=\"0\"\n\t\t><div class=\"sow-headline-container \">\n\t\t\t\t\t\t\t<h1 class=\"sow-headline\">\n\t\t\t\t\t\tPERSONAL TRAINING UND GESUNDHEITSMANAGEMENT\t\t\t\t\t\t<\/h1>\n\t\t\t\t\t\t<\/div>\n<\/div><\/div><div id=\"panel-6-0-0-1\" class=\"so-panel widget widget_sow-headline panel-last-child\" data-index=\"1\" ><div\n\t\t\t\n\t\t\tclass=\"so-widget-sow-headline so-widget-sow-headline-default-f07bcbe79b5f-6 so-widget-fittext-wrapper\"\n\t\t\t data-fit-text-compressor=\"0\"\n\t\t><div class=\"sow-headline-container \">\n\t\t\t\t\t\t\t<h2 class=\"sow-headline\">\n\t\t\t\t\t\t***nur auf Anfrage***\t\t\t\t\t\t<\/h2>\n\t\t\t\t\t\t<\/div>\n<\/div><\/div><\/div><\/div><\/div><div id=\"pg-6-1\"  class=\"panel-grid panel-has-style\" ><div class=\"siteorigin-panels-stretch panel-row-style panel-row-style-for-6-1\" data-stretch-type=\"full\" ><div id=\"pgc-6-1-0\"  class=\"panel-grid-cell\" ><div id=\"panel-6-1-0-0\" class=\"so-panel widget widget_sow-editor panel-first-child\" data-index=\"2\" ><div\n\t\t\t\n\t\t\tclass=\"so-widget-sow-editor so-widget-sow-editor-base\"\n\t\t\t\n\t\t>\n<div class=\"siteorigin-widget-tinymce textwidget\">\n\t<h1 style=\"text-align: center;\"><strong><span style=\"color: #00ccff;\">Professional Athletic, Health and Fitness Coach<\/span><\/strong><\/h1>\n<p style=\"text-align: center;\"><strong>Mark Jesberger<\/strong> ist Sportdozent, Gesundheitsmanager (Master of Arts) und Personal Trainer.<\/p>\n<\/div>\n<\/div><\/div><div id=\"panel-6-1-0-1\" class=\"so-panel widget widget_sow-editor\" data-index=\"3\" ><div\n\t\t\t\n\t\t\tclass=\"so-widget-sow-editor so-widget-sow-editor-base\"\n\t\t\t\n\t\t>\n<div class=\"siteorigin-widget-tinymce textwidget\">\n\t<h1><strong>Erfahrungen<\/strong><\/h1>\n<ul>\n<li style=\"text-align: left;\">Dozent in der Erwachsenenbildung<\/li>\n<li>\u00dcber 12 Jahre Kompetenz im pr\u00e4ventiven, rehabilitativen und sportartspezifischen Training<\/li>\n<li style=\"text-align: left;\">4 Jahre Ausbildung in der medizinischen Trainingstherapie<\/li>\n<li style=\"text-align: left;\">Betreuung von Leistungs- und Spitzensportlern (Referenzen in der Individualbetreuung von Sportlern aus 1. Fu\u00dfball-Bundesliga, 2. Basketball-Bundesliga, Eishockey Deutsche Nachwuchsliga, Handball 3. Liga, 2. Volleyball-Bundesliga, Golf Regionalliga)<\/li>\n<\/ul>\n<\/div>\n<\/div><\/div><div id=\"panel-6-1-0-2\" class=\"so-panel widget widget_sow-editor panel-last-child\" data-index=\"4\" ><div\n\t\t\t\n\t\t\tclass=\"so-widget-sow-editor so-widget-sow-editor-base\"\n\t\t\t\n\t\t>\n<div class=\"siteorigin-widget-tinymce textwidget\">\n\t<h1 style=\"text-align: left;\"><strong>Qualifikationen<\/strong><\/h1>\n<ul>\n<li style=\"text-align: left;\">Master of Arts in Pr\u00e4vention und Gesundheitsmanagement<\/li>\n<li style=\"text-align: left;\">Fachwirt f\u00fcr Pr\u00e4vention und Gesundheitsf\u00f6rderung<\/li>\n<li style=\"text-align: left;\">Fitnessfachwirt, Leistungssport-Body-Trainer<\/li>\n<li style=\"text-align: left;\">Trainer f\u00fcr Sportrehabilitation<\/li>\n<li style=\"text-align: left;\">Gesundheitstrainer, Cardiofitnesstrainer<\/li>\n<li style=\"text-align: left;\">Zertifizierter Personal Trainer<\/li>\n<\/ul>\n<\/div>\n<\/div><\/div><\/div><\/div><\/div><div id=\"pg-6-2\"  class=\"panel-grid panel-no-style\" ><div id=\"pgc-6-2-0\"  class=\"panel-grid-cell panel-grid-cell-empty\" ><\/div><\/div><div id=\"pg-6-3\"  class=\"panel-grid panel-has-style\" ><div class=\"siteorigin-panels-stretch panel-row-style panel-row-style-for-6-3\" data-stretch-type=\"full\" ><div id=\"pgc-6-3-0\"  class=\"panel-grid-cell\" ><div id=\"panel-6-3-0-0\" class=\"so-panel widget widget_sow-editor panel-first-child\" data-index=\"5\" ><div\n\t\t\t\n\t\t\tclass=\"so-widget-sow-editor so-widget-sow-editor-base\"\n\t\t\t\n\t\t>\n<div class=\"siteorigin-widget-tinymce textwidget\">\n\t<div id=\"pg-35-7\">\n<div data-stretch-type=\"full-stretched-padded\">\n<div id=\"pgc-35-7-0\">\n<div id=\"panel-35-7-0-0\" data-index=\"12\">\n<div>\n<div>\n<div>\n<h1 style=\"text-align: center;\"><strong>* * * Aufgrund der hohen Nachfrage - Kontakt nur \u00fcber das Formular oder Mail m\u00f6glich. * * *<br \/>\n<\/strong><\/h1>\n<p style=\"text-align: center;\"><span lang=\"de\">Ob Sie gesund oder krank, schmerzfrei oder verletzt sind, als professioneller und erfahrener Personal Trainer kann ich Ihnen helfen.<\/span><\/p>\n<\/div>\n<\/div>\n<\/div>\n<\/div>\n<\/div>\n<\/div>\n<\/div>\n<\/div>\n<\/div><\/div><div id=\"panel-6-3-0-1\" class=\"so-panel widget widget_sow-headline\" data-index=\"6\" ><div\n\t\t\t\n\t\t\tclass=\"so-widget-sow-headline so-widget-sow-headline-default-1662e6b1b653-6 so-widget-fittext-wrapper\"\n\t\t\t data-fit-text-compressor=\"0\"\n\t\t><div class=\"sow-headline-container \">\n\t\t\t\t\t\t\t<h1 class=\"sow-headline\">\n\t\t\t\t\t\tKONTAKTIEREN SIE MICH\t\t\t\t\t\t<\/h1>\n\t\t\t\t\t\t<\/div>\n<\/div><\/div><div id=\"panel-6-3-0-2\" class=\"so-panel widget widget_sow-contact-form panel-last-child\" data-index=\"7\" ><div\n\t\t\t\n\t\t\tclass=\"so-widget-sow-contact-form so-widget-sow-contact-form-default-1dceae4ce411-6\"\n\t\t\t\n\t\t>\t<form\n\t\taction=\"\/index.php?rest_route=%2Fwp%2Fv2%2Fpages%2F6\"\n\t\tmethod=\"POST\"\n\t\tclass=\"sow-contact-form\"\n\t\tid=\"contact-form-b4a6\"\n\t>\n\n\t\t\n\t\t\t\t\t<div class=\"sow-form-field sow-form-field-name\">\n\t\t\t\t<label class=\"sow-form-field-label-above\" for=\"sow-contact-form-field-ihr-name-1\">\n\t\t\t\t<strong>\n\t\t\t\t\tIhr Name\t\t\t\t\t\t\t\t\t<\/strong>\n\t\t\t<\/label>\n\t\t\t\t\t\t\t<div class=\"sow-field-container\">\n\t\t\t\t\t\t\t<input\n\t\t\ttype=\"text\"\n\t\t\tname=\"ihr-name-1\"\n\t\t\tid=\"sow-contact-form-field-ihr-name-1\"\n\t\t\tvalue=\"\"\n\t\t\tclass=\"sow-text-field\"\n\t\t\t\t\t\t\t\t\/>\n\t\t\t\t\t\t<\/div>\n\t\t\t\t\t\t\t<\/div>\n\t\t\t\t\t\t<div class=\"sow-form-field sow-form-field-email\">\n\t\t\t\t<label class=\"sow-form-field-label-above\" for=\"sow-contact-form-field-ihre-emailadresse-1\">\n\t\t\t\t<strong>\n\t\t\t\t\tIhre Emailadresse\t\t\t\t\t\t\t\t\t<\/strong>\n\t\t\t<\/label>\n\t\t\t\t\t\t\t<div class=\"sow-field-container\">\n\t\t\t\t\t\t\t<input\n\t\t\ttype=\"email\"\n\t\t\tname=\"ihre-emailadresse-1\"\n\t\t\tid=\"sow-contact-form-field-ihre-emailadresse-1\"\n\t\t\tvalue=\"\"\n\t\t\tclass=\"sow-text-field\"\t\t\t\t\t\t\t\t\/>\n\t\t\t\t\t\t<\/div>\n\t\t\t\t\t\t\t<\/div>\n\t\t\t\t\t\t<div class=\"sow-form-field sow-form-field-tel\">\n\t\t\t\t<label class=\"sow-form-field-label-above\" for=\"sow-contact-form-field-ihre-telefonnummer-1\">\n\t\t\t\t<strong>\n\t\t\t\t\tIhre Telefonnummer\t\t\t\t\t\t\t\t\t<\/strong>\n\t\t\t<\/label>\n\t\t\t\t\t\t\t<div class=\"sow-field-container\">\n\t\t\t\t\t\t\t<input\n\t\t\ttype=\"tel\"\n\t\t\tname=\"ihre-telefonnummer-1\"\n\t\t\tid=\"sow-contact-form-field-ihre-telefonnummer-1\"\n\t\t\tvalue=\"\"\n\t\t\tclass=\"sow-text-field\"\t\t\t\t\t\t\t\t\/>\n\t\t\t\t\t\t<\/div>\n\t\t\t\t\t\t\t<\/div>\n\t\t\t\t\t\t<div class=\"sow-form-field sow-form-field-textarea\">\n\t\t\t\t<label class=\"sow-form-field-label-above\" for=\"sow-contact-form-field-text-1\">\n\t\t\t\t<strong>\n\t\t\t\t\tText\t\t\t\t\t\t\t\t\t<\/strong>\n\t\t\t<\/label>\n\t\t\t\t\t\t\t<div class=\"sow-field-container\">\n\t\t\t\t\t\t\t<textarea\n\t\t\tname=\"text-1\"\n\t\t\tid=\"sow-contact-form-field-text-1\"\n\t\t\trows=\"10\"\n\t\t\t\t\t\t\t\t><\/textarea>\n\t\t\t\t\t\t<\/div>\n\t\t\t\t\t\t\t<\/div>\n\t\t\t\n\t\t\n\t\t<div class=\"sow-submit-wrapper \n\t\tsow-submit-styled\t\t\">\n\n\t\t\t<button\n\t\t\t\ttype=\"submit\"\n\t\t\t\tclass=\"sow-submit\n\t\t\t\t\t\t\t\t\"\n\t\t\t\t\t\t\t>\n\t\t\t\tContact Us\t\t\t<\/button>\n\t\t<\/div>\n\t\t\t\t<input\n\t\t\ttype=\"hidden\"\n\t\t\tname=\"instance_hash-1\"\n\t\t\tvalue=\"b4a68d11\"\n\t\t\/>\n\n\t\t<input type=\"hidden\" id=\"_wpnonce\" name=\"_wpnonce\" value=\"e2bbb4762e\" \/><input type=\"hidden\" name=\"_wp_http_referer\" value=\"\/index.php?rest_route=%2Fwp%2Fv2%2Fpages%2F6\" \/>\t<\/form>\n\t<\/div><\/div><\/div><\/div><\/div><div id=\"pg-6-4\"  class=\"panel-grid panel-no-style\" ><div id=\"pgc-6-4-0\"  class=\"panel-grid-cell\" ><div id=\"panel-6-4-0-0\" class=\"so-panel widget widget_sow-editor panel-first-child panel-last-child\" data-index=\"8\" ><div\n\t\t\t\n\t\t\tclass=\"so-widget-sow-editor so-widget-sow-editor-base\"\n\t\t\t\n\t\t>\n<div class=\"siteorigin-widget-tinymce textwidget\">\n\t<p><strong>Trainingszeiten<\/strong><br \/>\n<span style=\"color: #00ccff;\"><em><strong>Termine nur nach Vereinbarung!<\/strong><\/em><\/span><\/p>\n<p>Mail: info@gesuma.net<\/p>\n<\/div>\n<\/div><\/div><\/div><div id=\"pgc-6-4-1\"  class=\"panel-grid-cell panel-grid-cell-empty\" ><\/div><div id=\"pgc-6-4-2\"  class=\"panel-grid-cell\" ><div id=\"panel-6-4-2-0\" class=\"so-panel widget widget_sow-image panel-first-child panel-last-child\" data-index=\"9\" ><div\n\t\t\t\n\t\t\tclass=\"so-widget-sow-image so-widget-sow-image-default-113ccd71f3e6-6\"\n\t\t\t\n\t\t>\n<div class=\"sow-image-container\">\n\t\t<img \n\tsrc=\"http:\/\/gesuma.net\/wp-content\/uploads\/2020\/08\/GESUMA-scaled.jpg\" width=\"2560\" height=\"901\" srcset=\"http:\/\/gesuma.net\/wp-content\/uploads\/2020\/08\/GESUMA-scaled.jpg 2560w, http:\/\/gesuma.net\/wp-content\/uploads\/2020\/08\/GESUMA-300x106.jpg 300w, http:\/\/gesuma.net\/wp-content\/uploads\/2020\/08\/GESUMA-1024x360.jpg 1024w, http:\/\/gesuma.net\/wp-content\/uploads\/2020\/08\/GESUMA-768x270.jpg 768w, http:\/\/gesuma.net\/wp-content\/uploads\/2020\/08\/GESUMA-1536x540.jpg 1536w, http:\/\/gesuma.net\/wp-content\/uploads\/2020\/08\/GESUMA-2048x720.jpg 2048w, http:\/\/gesuma.net\/wp-content\/uploads\/2020\/08\/GESUMA-800x281.jpg 800w\" sizes=\"(max-width: 2560px) 100vw, 2560px\" title=\"GESUMA\" alt=\"\" \t\tclass=\"so-widget-image\"\/>\n\t<\/div>\n\n<\/div><\/div><\/div><\/div><\/div>","protected":false},"excerpt":{"rendered":"<p>Professional Athletic, Health and Fitness Coach Mark Jesberger ist Sportdozent, Gesundheitsmanager (Master of Arts) und Personal Trainer. Erfahrungen Dozent in der Erwachsenenbildung \u00dcber 12 Jahre Kompetenz im pr\u00e4ventiven, rehabilitativen und sportartspezifischen Training 4 Jahre Ausbildung in der medizinischen Trainingstherapie Betreuung von Leistungs- und Spitzensportlern (Referenzen in der Individualbetreuung von Sportlern aus 1. Fu\u00dfball-Bundesliga, 2. Basketball-Bundesliga, Eishockey Deutsche Nachwuchsliga, Handball 3.&hellip;<\/p>\n","protected":false},"author":1,"featured_media":0,"parent":0,"menu_order":0,"comment_status":"closed","ping_status":"closed","template":"","meta":{"footnotes":""},"class_list":["post-6","page","type-page","status-publish","hentry"],"_links":{"self":[{"href":"http:\/\/gesuma.net\/index.php?rest_route=\/wp\/v2\/pages\/6","targetHints":{"allow":["GET"]}}],"collection":[{"href":"http:\/\/gesuma.net\/index.php?rest_route=\/wp\/v2\/pages"}],"about":[{"href":"http:\/\/gesuma.net\/index.php?rest_route=\/wp\/v2\/types\/page"}],"author":[{"embeddable":true,"href":"http:\/\/gesuma.net\/index.php?rest_route=\/wp\/v2\/users\/1"}],"replies":[{"embeddable":true,"href":"http:\/\/gesuma.net\/index.php?rest_route=%2Fwp%2Fv2%2Fcomments&post=6"}],"version-history":[{"count":103,"href":"http:\/\/gesuma.net\/index.php?rest_route=\/wp\/v2\/pages\/6\/revisions"}],"predecessor-version":[{"id":284,"href":"http:\/\/gesuma.net\/index.php?rest_route=\/wp\/v2\/pages\/6\/revisions\/284"}],"wp:attachment":[{"href":"http:\/\/gesuma.net\/index.php?rest_route=%2Fwp%2Fv2%2Fmedia&parent=6"}],"curies":[{"name":"wp","href":"https:\/\/api.w.org\/{rel}","templated":true}]}}